et v(f) be the second derivative of f**5/20 + 5*f**4/12 + f**3/6 + 5*f**2/2 - f. Let w(k) = k**3 - 16*k**2 + 34*k + 60. Let l be w(13). Calculate v(l).
0
Let p(l) = 9*l + 3. Let b(o) = 2*o**2 - 8*o + 7. Let n be b(2). What is p(n)?
-6
Let d = -35 - -35. Suppose 4*n - 3 + 39 = d. Let o(t) = -t**3 - 8*t**2 + 8*t - 3. What is o(n)?
6
Let c(w) = -w + 1. Let l(o) = -3*o. Let j be l(1). Calculate c(j).
4
Let j(y) be the third derivative of -1/6*y**3 + 0*y + 7/24*y**4 - 4*y**2 + 0. Determine j(1).
6
Suppose 3*k + 3*u - 12 = 0, 2*k - 22 = 2*u + 3*u. Suppose m - k = -4*x, 8*x - 4*x - 10 = m. Let d(o) = -o**3 + 3*o - 3. Give d(x).
-5
Let f(m) = 2190*m + 1 + 2194*m - 4385*m. Calculate f(-2).
3
Let w(m) = -m. Let h be (-4)/18 + (-681)/(-27). Suppose 2*s + s = 4*g - 87, s = -3*g + 75. Let p = h - g. Give w(p).
-1
Let s(j) be the third derivative of -j**5/60 + j**4/24 + j**3/3 - j**2 - 9194. Let i be -1 + 1*-1 + 1. Let w be 0 + (3/i - -1). What is s(w)?
-4
Let t be (20/(-3))/((-3)/(-9)). Let a = -11 - t. Suppose 2*z + 5*j = -a, -z = -0*z - 3*j - 12. Let l(u) = -u**3 + 2*u**2 + 3. What is l(z)?
-6
Suppose a + 4*a = -15. Let h(m) be the third derivative of -m**7/2520 + m**6/240 + 7*m**5/60 - 2*m**2. Let w(u) be the third derivative of h(u). Determine w(a).
9
Let t(n) be the second derivative of n**5/20 - 7*n**4/4 - 7*n**3/2 - 21*n**2/2 - 96*n. Give t(22).
1
Let m = 9 - 13. Let j be 1/4 + 25/m. Let y(t) = 374*t - 183*t - 189*t. Determine y(j).
-12
Let o be ((-4)/14 - (-162)/(-168))*-4. Let u(v) = -v + 3. What is u(o)?
-2
Let o(c) = c - 26. Let h be o(28). Let p(s) be the second derivative of 1/3*s**3 + 9*s + 0 - h*s**2. Give p(3).
2
Let v(q) be the first derivative of -q**4/4 - q**3/3 + q**2/2 + 5*q - 3. Suppose 2*z = z + 1. Let k be z/4*(7 - 7). Give v(k).
5
Let l(q) = 0*q - 9*q - q**3 + 21 + 7*q**2 - 5 - 8. Determine l(6).
-10
Let q(d) = 6*d**3 - 8*d**2 + 3*d - 1. Let n(z) = z**3 - z**2 + z. Let c(i) = -5*n(i) + q(i). Give c(4).
7
Suppose 10 = 2*w - 2*p, -2*w + 3*p = 5*p + 2. Suppose -2 = -d + 2, d = -w*u + 22. Suppose t + 6 = u. Let v(f) = -f**2 - f + 4. Give v(t).
-8
Let o(j) = -j - 1. Let h(t) = t + 17. Let b be h(0). Let k = -2 + b. Suppose -k = -3*v - 0. Determine o(v).
-6
Let j(r) = 4*r**2 + 20*r - 7. Let c(q) = 5*q**2 + 24*q - 8. Let s(z) = 6*c(z) - 7*j(z). Calculate s(-4).
17
Let g(v) = 5*v - 2. Suppose 12*m - 60 = 6*m. Suppose 3*j - m*j - 21 = 0. Give g(j).
-17
Suppose 5*t + 19 = -f - 7, 4*f = t - 20. Let v(a) be the third derivative of 7*a**2 + 7/60*a**5 + 0 + 0*a + 1/120*a**6 + 2/3*a**3 + 5/24*a**4. Give v(f).
10
Let s(p) = -3*p - 27. Let f be s(-9). Let r(k) = 20*k - 4*k - 11*k + 5 + f - k**2. Give r(6).
-1
Let h(r) = -3*r + 3. Let l be h(3). Let p(k) = 337*k - 346*k - 11 + 0. Let i(b) = 16*b + 21. Let d(y) = 4*i(y) + 7*p(y). Give d(l).
1
Let m(p) = 5*p**3 + 10*p**2 + 28*p + 24. Let s(l) = -4*l**3 - 9*l**2 - 22*l - 23. Let o(d) = 3*m(d) + 4*s(d). Determine o(-6).
4
Let s(g) = -g**3 + 8*g**2 - 7*g - 5. Let z(c) = -2*c - 6. Let r be z(-5). Suppose -r*f + 14 = -2*f. Calculate s(f).
-5
Let v(r) = 4*r**2 - r. Let t be (-8)/(-20) + (-3)/(-5). Let g be v(t). Let w(q) = -2*q + g + q + 3 + 1. What is w(6)?
1
Let j(h) = -h**3 + 5*h**2 - 3*h + 1. Suppose 5*t + 3*r = -2 - 0, 5*r + 20 = 0. Suppose -t*v + v + 4*n = -20, 5*v = -n + 16. Give j(v).
5
Let o(y) = y**2 + 16*y + 23. Let i be o(-14). Let d(s) = -s**3 - 5*s**2 + 5. Calculate d(i).
5
Let o(l) = -l**2 - 9*l - 9. Let v(x) = -x + 39. Let w be v(46). Determine o(w).
5
Suppose 67 = -5*y - 0*c - 3*c, 59 = -5*y - c. Let x(u) = 2*u + 16. Calculate x(y).
-6
Let k(d) be the second derivative of -d**5/10 - 5*d**4/4 + 7*d**3/6 - d**2/2 + 13*d. Give k(-8).
7
Let k(l) be the second derivative of -l**6/360 + l**5/40 + l**4/6 - 8*l**3/3 + 38*l. Let d(r) be the second derivative of k(r). Calculate d(4).
0
Let z(g) = 19*g + 17*g - 27*g + 0 + 2 + 2*g**3 - 4*g**2. Let o(s) = -2*s**3 + 4*s**2 - 8*s - 1. Let f(l) = 5*o(l) + 4*z(l). Determine f(2).
-5
Let w(p) = -2*p**2 + 3*p + 1. Let d(q) = -q + 11. Let v be d(5). Suppose 0 = 2*t - v - 0. Give w(t).
-8
Let n(i) = -5*i**2 + 3*i - 2. Suppose 3*x = -183 + 189. Give n(x).
-16
Let o(a) = a + 2. Suppose i - 3*i = -4. Suppose 2*q + 3*q = -3*k - 6, -4*k - i*q = 8. Let g be -5*k*1/2. What is o(g)?
7
Let r be (1*6 + -2)*(-9)/6. Let w be (-32)/r + 2/(-6). Let a(f) = f**3 - 6*f**2 + 3*f + 6. Give a(w).
-4
Let w(b) be the second derivative of -b**5/20 - 7*b**4/12 - b**3/3 - 4*b**2 + 2*b - 6. What is w(-7)?
6
Let z(n) = -n + 1. Suppose -2*o = -3*o - 4*p + 23, -p - 30 = -3*o. What is z(o)?
-10
Let k = -11 - -23. Suppose 0 = -s - m - 5, 4*s = -3*m - k - 3. Let q(l) = -l**3 + l**2 + l + 23. Determine q(s).
23
Let b(f) be the first derivative of 2*f + f**3 - 3 - f - 5*f + 3*f - f**2. Give b(-1).
4
Suppose 2*q + 4 = 5*n, 3*n - 2*q = 8 - 4. Let r be n*4/(48/4). Let y(s) = -s**3 + s**2 + s - 3. Determine y(r).
-3
Let s(c) = -c**3 + 13*c**2 + 15*c - 13. Let l be s(14). Let f be 9 + -7 - (l + -5). Let r(u) = 4*u - 9. What is r(f)?
15
Suppose 52*i - 48*i - 20 = 0. Let q(m) = m**2 - m - 5. Calculate q(i).
15
Suppose 0 = 4*d - 4*a + 21 + 3, -5*d = a + 18. Suppose -n - 12 = -5*n. Let x(f) = -3 + 1 - n*f + f. Give x(d).
6
Let h(g) = g**2 + 8. Suppose -19*y = -112*y. Give h(y).
8
Let j(z) = z**3 + 5*z**2 + z + 13. Let h(p) = -6*p + 91. Let l be h(16). What is j(l)?
8
Let v be 4/6 - (-710)/15. Let y be 2/3*1*v. Suppose 4*h + 4*q = -y, 2*h + 32 = -h - 5*q. Let r(p) = -p**3 - 4*p**2 + 4. Determine r(h).
4
Suppose 8 = -5*x + 639*v - 643*v, 5*x + 5*v = -5. Let i(h) = -h - 16. Give i(x).
-12
Let l(j) = 2*j**2 - 3*j - 2. Suppose -10*k + 107 - 67 = 0. What is l(k)?
18
Let j(v) = 4*v**2 - 2*v + 3. Let i(d) = d**2 + d. Let f(y) = -3*i(y) + j(y). Suppose -2*a - 5*g + 0*g = -29, -g = -a + 11. Let m be (-1 - -1) + 24/a. Give f(m).
-3
Suppose 0 = 4*l - 16. Suppose l*o + 5 = 17. Let k(q) = -2 - 2 - o*q + 4. Calculate k(1).
-3
Suppose -4*a - p = -22, 0 = a - 0*p + 5*p - 15. Let r(w) = w**2 + w**3 - 3 - 1 - 2*w**3 + 5*w**2 - 3*w. What is r(a)?
6
Suppose -8*z + 15 = 31. Let n(x) = -x**2 - 2*x + 1. What is n(z)?
1
Let r(o) be the third derivative of -o**6/120 - 11*o**5/60 + o**4/12 + 3*o**3/2 + 105*o**2. Give r(-11).
-13
Let u(b) = 13*b**2 + 7*b + 9. Let j(c) = 2*c**2 + 3*c - 1. Let y(v) = -6*j(v) + u(v). Determine y(10).
5
Let g(t) = -t**2 - 7293*t + 0 + 7292*t + 2. Determine g(4).
-18
Let p(v) = 2158 - 2168 - 3*v + 4*v. What is p(5)?
-5
Let t = 65 + -45. Suppose -4*u + 4 = -4*q, 0*u = 4*q + 4*u - t. Let y(l) = 7 + q*l + 0*l + 3*l - 4*l. Calculate y(-5).
2
Let j be (-1 - (-2 - 0))/((-19)/(-133)). Let g(o) = 2*o**2 - 14*o + 3. Give g(j).
3
Let p(r) = -r**3 + 6*r**2 - r - 6. Let s(d) = -5*d**2 + d + 5. Let k be s(-2). Let v be (1/5)/(k/(-425)). Calculate p(v).
14
Let c(d) = d - 9. Let j(i) = -2*i + 10. Let s(u) = c(u) + j(u). Let w = 5 + -3. Determine s(w).
-1
Let x(q) = -3 + 10 + 17*q + 2*q**2 - 1 - 7. Let d be x(-8). Let b(w) = -w**2 - 8*w. Calculate b(d).
-9
Let f(h) = 31*h**2 - h + 2. Suppose -4 = -2*g + p, -4*g - g - p = -3. Determine f(g).
32
Let i(a) = 2*a**2 + 9*a + 13. Let q be i(-4). Let u(p) = -p + 29. Determine u(q).
20
Suppose 0*m + 2*m - 8 = 0. Let k(b) = -b**2 + 3*b + 5. Give k(m).
1
Let v(b) = -5*b + 8. Let p(u) = 3*u - 5. Suppose -4*o = -6*l + l + 27, -3*o = 5*l + 29. Let g(q) = o*p(q) - 5*v(q). Determine g(2).
2
Let z(x) be the first derivative of x**5/60 + 7*x**4/24 + x**3/3 + 4*x**2 - 12. Let j(i) be the second derivative of z(i). What is j(-4)?
-10
Suppose 8 = 2*c - 2*s, -3*c - 5 = -5*s - 23. Let b(p) = 7*p**2 + 2*p - 1. What is b(c)?
8
Let w(j) = j + 1. Suppose -15*m = -14*m + 1. Calculate w(m).
0
Let d(c) = c**3 - 5*c**2 - 7*c + 2. Let s = -43 + 49. Determine d(s).
-4
Suppose -2*n = 4, -5*g - 22*n + 27*n - 20 = 0. Let s(f) = -f**3 - 7*f**2 - 7*f. Give s(g).
6
Suppose -128*n + 126*n + 6 = 0. Let z(l) be the second derivative of -l**2 + 0 + 2*l + 1/3*l**3 - 1/12*l**4. Give z(n).
-5
Let i(s) = 34 - s + 2*s - 2*s - 3*s - 32. Determine i(0).
2
Let s(v) = -5*v**2 - 25*v - 26. Suppose 4*p + 20 = 3*k, -k = -5*k + 2*p + 30. Let y(i) = i**2 + 5 - k*i + 6*i + 7*i. Let c(b) = 2*s(b) + 11*y(b). Give c(-4).
-1
Let t(k) be the first derivative of -k**2 + 5*k - 109. Calculate t(-4).
13
Let k = 31 - 22. Let w(y)